{"id":644,"date":"2023-09-23T17:35:03","date_gmt":"2023-09-23T22:35:03","guid":{"rendered":"https:\/\/identidad.com.co\/?page_id=644"},"modified":"2026-03-31T15:06:15","modified_gmt":"2026-03-31T20:06:15","slug":"nosotros","status":"publish","type":"page","link":"https:\/\/identidad.com.co\/index.php\/nosotros\/","title":{"rendered":"Nosotros"},"content":{"rendered":"\t\t<div data-elementor-type=\"wp-page\" data-elementor-id=\"644\" class=\"elementor elementor-644\" data-elementor-post-type=\"page\">\n\t\t\t\t<div class=\"elementor-element elementor-element-115e501 e-flex e-con-boxed e-con e-parent\" data-id=\"115e501\" data-element_type=\"container\" data-e-type=\"container\">\n\t\t\t\t\t<div class=\"e-con-inner\">\n\t\t\t\t<div class=\"elementor-element elementor-element-ca3259a elementor-widget elementor-widget-heading\" data-id=\"ca3259a\" data-element_type=\"widget\" data-e-type=\"widget\" data-widget_type=\"heading.default\">\n\t\t\t\t<div class=\"elementor-widget-container\">\n\t\t\t\t\t<h3 class=\"elementor-heading-title elementor-size-default\">\u00bfQui\u00e9nes somos?<\/h3>\t\t\t\t<\/div>\n\t\t\t\t<\/div>\n\t\t\t\t<div class=\"elementor-element elementor-element-78e30c1 elementor-widget elementor-widget-text-editor\" data-id=\"78e30c1\" data-element_type=\"widget\" data-e-type=\"widget\" data-widget_type=\"text-editor.default\">\n\t\t\t\t<div class=\"elementor-widget-container\">\n\t\t\t\t\t\t\t\t\tSomos un peri\u00f3dico digital que naci\u00f3 en la Universidad de Ibagu\u00e9 como una plataforma que busca construir una identidad para los universitarios. Para esto creamos secciones que motiven la creatividad, la cultura, la libre expresi\u00f3n y el desarrollo profesional. Somos un peri\u00f3dico que busca promover a escritores, artistas y columnistas independientes, por lo que cada persona interesada puede enviar su propuesta a trav\u00e9s de nuestra p\u00e1gina web.\t\t\t\t\t\t\t\t<\/div>\n\t\t\t\t<\/div>\n\t\t\t\t\t<\/div>\n\t\t\t\t<\/div>\n\t\t<div class=\"elementor-element elementor-element-f2b2c87 e-flex e-con-boxed e-con e-parent\" data-id=\"f2b2c87\" data-element_type=\"container\" data-e-type=\"container\">\n\t\t\t\t\t<div class=\"e-con-inner\">\n\t\t\t\t<div class=\"elementor-element elementor-element-fdcf083 elementor-widget elementor-widget-heading\" data-id=\"fdcf083\" data-element_type=\"widget\" data-e-type=\"widget\" data-widget_type=\"heading.default\">\n\t\t\t\t<div class=\"elementor-widget-container\">\n\t\t\t\t\t<h3 class=\"elementor-heading-title elementor-size-default\">\u00bfC\u00f3mo est\u00e1 conformado nuestro equipo?<\/h3>\t\t\t\t<\/div>\n\t\t\t\t<\/div>\n\t\t\t\t<div class=\"elementor-element elementor-element-d55bb0f elementor-widget elementor-widget-text-editor\" data-id=\"d55bb0f\" data-element_type=\"widget\" data-e-type=\"widget\" data-widget_type=\"text-editor.default\">\n\t\t\t\t<div class=\"elementor-widget-container\">\n\t\t\t\t\t\t\t\t\tActualmente nuestro equipo editorial y de redacci\u00f3n est\u00e1 conformado por estudiantes de pregrado de la Universidad de Ibagu\u00e9. Representamos distintas carreras: Dise\u00f1o, Ingenier\u00eda, Comunicaci\u00f3n Social y Periodismo y Derecho. Nos dividimos en distintos roles para organizar un trabajo de alta calidad editorial. Nuestro trabajo es voluntario y no tiene ning\u00fan fin de lucro, si desea conocer m\u00e1s acerca de nosotros, estos son nuestros perfiles:\t\t\t\t\t\t\t\t<\/div>\n\t\t\t\t<\/div>\n\t\t\t\t\t<\/div>\n\t\t\t\t<\/div>\n\t\t<div class=\"elementor-element elementor-element-1d96066 e-flex e-con-boxed e-con e-parent\" data-id=\"1d96066\" data-element_type=\"container\" data-e-type=\"container\">\n\t\t\t\t\t<div class=\"e-con-inner\">\n\t\t<div class=\"elementor-element elementor-element-5a538fd e-con-full e-flex e-con e-child\" data-id=\"5a538fd\" data-element_type=\"container\" data-e-type=\"container\" data-settings=\"{&quot;background_background&quot;:&quot;classic&quot;}\">\n\t\t\t\t<div class=\"elementor-element elementor-element-62ffc34 elementor-widget elementor-widget-heading\" data-id=\"62ffc34\" data-element_type=\"widget\" data-e-type=\"widget\" data-widget_type=\"heading.default\">\n\t\t\t\t<div class=\"elementor-widget-container\">\n\t\t\t\t\t<h3 class=\"elementor-heading-title elementor-size-default\">Juan Pablo Santana Barrera<\/h3>\t\t\t\t<\/div>\n\t\t\t\t<\/div>\n\t\t\t\t<div class=\"elementor-element elementor-element-2bc87e6 elementor-widget elementor-widget-heading\" data-id=\"2bc87e6\" data-element_type=\"widget\" data-e-type=\"widget\" data-widget_type=\"heading.default\">\n\t\t\t\t<div class=\"elementor-widget-container\">\n\t\t\t\t\t<h3 class=\"elementor-heading-title elementor-size-default\">DIRECTOR EDITORIAL<\/h3>\t\t\t\t<\/div>\n\t\t\t\t<\/div>\n\t\t\t\t<div class=\"elementor-element elementor-element-6251cf4 elementor-widget elementor-widget-text-editor\" data-id=\"6251cf4\" data-element_type=\"widget\" data-e-type=\"widget\" data-widget_type=\"text-editor.default\">\n\t\t\t\t<div class=\"elementor-widget-container\">\n\t\t\t\t\t\t\t\t\tEs dise\u00f1ador y director de arte, tiene tres a\u00f1os de experiencia en la creaci\u00f3n de publicaciones digitales e impresas. Su trayectoria le permite dirigir proyectos editoriales, desde el concepto inicial hasta su publicaci\u00f3n. Le apasiona la cadena del libro y la promoci\u00f3n de la lectura, lo que le permite generar estrategias que son tanto atractivas como significativas.\t\t\t\t\t\t\t\t<\/div>\n\t\t\t\t<\/div>\n\t\t\t\t<\/div>\n\t\t<div class=\"elementor-element elementor-element-77b074e e-con-full e-flex e-con e-child\" data-id=\"77b074e\" data-element_type=\"container\" data-e-type=\"container\" data-settings=\"{&quot;background_background&quot;:&quot;classic&quot;}\">\n\t\t\t\t<div class=\"elementor-element elementor-element-a648eab elementor-widget elementor-widget-heading\" data-id=\"a648eab\" data-element_type=\"widget\" data-e-type=\"widget\" data-widget_type=\"heading.default\">\n\t\t\t\t<div class=\"elementor-widget-container\">\n\t\t\t\t\t<h3 class=\"elementor-heading-title elementor-size-default\">Laura Alejandra Morad Garc\u00eda<\/h3>\t\t\t\t<\/div>\n\t\t\t\t<\/div>\n\t\t\t\t<div class=\"elementor-element elementor-element-6df1997 elementor-widget elementor-widget-heading\" data-id=\"6df1997\" data-element_type=\"widget\" data-e-type=\"widget\" data-widget_type=\"heading.default\">\n\t\t\t\t<div class=\"elementor-widget-container\">\n\t\t\t\t\t<h3 class=\"elementor-heading-title elementor-size-default\">EDITORA DE LA SECCI\u00d3N OPINI\u00d3N<\/h3>\t\t\t\t<\/div>\n\t\t\t\t<\/div>\n\t\t\t\t<div class=\"elementor-element elementor-element-ea69e9c elementor-widget elementor-widget-text-editor\" data-id=\"ea69e9c\" data-element_type=\"widget\" data-e-type=\"widget\" data-widget_type=\"text-editor.default\">\n\t\t\t\t<div class=\"elementor-widget-container\">\n\t\t\t\t\t\t\t\t\tEs estudiante de Derecho con amplio inter\u00e9s en la redacci\u00f3n, la literatura inglesa e hispanoamericana y el estudio del derecho desde un enfoque econ\u00f3mico y financiero. Particularmente, sus intereses acad\u00e9micos y profesionales van orientados a las nuevas tecnolog\u00edas,\u00a0 la sociolog\u00eda jur\u00eddica y la filosof\u00eda del derecho. A nivel personal, disfruta la lectura y el cine contempor\u00e1neo como espacios de formaci\u00f3n cr\u00edtica y formaci\u00f3n constante, en el que el <i>conocimiento reflexivo<\/i> se hace cada vez m\u00e1s imperioso.\t\t\t\t\t\t\t\t<\/div>\n\t\t\t\t<\/div>\n\t\t\t\t<\/div>\n\t\t\t\t\t<\/div>\n\t\t\t\t<\/div>\n\t\t<div class=\"elementor-element elementor-element-61b48d1 e-flex e-con-boxed e-con e-parent\" data-id=\"61b48d1\" data-element_type=\"container\" data-e-type=\"container\">\n\t\t\t\t\t<div class=\"e-con-inner\">\n\t\t<div class=\"elementor-element elementor-element-54fd1ae e-con-full e-flex e-con e-child\" data-id=\"54fd1ae\" data-element_type=\"container\" data-e-type=\"container\" data-settings=\"{&quot;background_background&quot;:&quot;classic&quot;}\">\n\t\t\t\t<div class=\"elementor-element elementor-element-78d1e2a elementor-widget elementor-widget-heading\" data-id=\"78d1e2a\" data-element_type=\"widget\" data-e-type=\"widget\" data-widget_type=\"heading.default\">\n\t\t\t\t<div class=\"elementor-widget-container\">\n\t\t\t\t\t<h3 class=\"elementor-heading-title elementor-size-default\">Mariana Gallo<\/h3>\t\t\t\t<\/div>\n\t\t\t\t<\/div>\n\t\t\t\t<div class=\"elementor-element elementor-element-f79c43b elementor-widget elementor-widget-heading\" data-id=\"f79c43b\" data-element_type=\"widget\" data-e-type=\"widget\" data-widget_type=\"heading.default\">\n\t\t\t\t<div class=\"elementor-widget-container\">\n\t\t\t\t\t<h3 class=\"elementor-heading-title elementor-size-default\">EDITORA DE LA SECCI\u00d3N ARTE Y CULTURA<\/h3>\t\t\t\t<\/div>\n\t\t\t\t<\/div>\n\t\t\t\t<div class=\"elementor-element elementor-element-113eab3 elementor-widget elementor-widget-text-editor\" data-id=\"113eab3\" data-element_type=\"widget\" data-e-type=\"widget\" data-widget_type=\"text-editor.default\">\n\t\t\t\t<div class=\"elementor-widget-container\">\n\t\t\t\t\t\t\t\t\tEs estudiante de Comunicaci\u00f3n Social y Periodismo de la Universidad de Ibagu\u00e9. Cree firmemente que el arte no se limita \u00fanicamente a imaginar o crear algo novedoso, sino que tambi\u00e9n se convierte en una poderosa forma de transformaci\u00f3n y cr\u00edtica social, capaz de expresar las ideas m\u00e1s personales y profundas sobre la realidad.\n<br><br>\nEs amante de los libros cl\u00e1sicos, la fotograf\u00eda y el teatro, disciplinas que alimentan su sensibilidad art\u00edstica y su mirada cr\u00edtica frente al mundo. Dentro del peri\u00f3dico, su labor se centra en visibilizar las cosmovisiones juveniles que buscan mantener vivo el \u00e1mbito art\u00edstico y cultural, incluso en medio de los afanes y exigencias acad\u00e9micas de la vida universitaria.\t\t\t\t\t\t\t\t<\/div>\n\t\t\t\t<\/div>\n\t\t\t\t<\/div>\n\t\t<div class=\"elementor-element elementor-element-87b3076 e-con-full e-flex e-con e-child\" data-id=\"87b3076\" data-element_type=\"container\" data-e-type=\"container\" data-settings=\"{&quot;background_background&quot;:&quot;classic&quot;}\">\n\t\t\t\t<div class=\"elementor-element elementor-element-b011772 elementor-widget elementor-widget-heading\" data-id=\"b011772\" data-element_type=\"widget\" data-e-type=\"widget\" data-widget_type=\"heading.default\">\n\t\t\t\t<div class=\"elementor-widget-container\">\n\t\t\t\t\t<h3 class=\"elementor-heading-title elementor-size-default\">Diana Mar\u00eda Moreno Rengifo<\/h3>\t\t\t\t<\/div>\n\t\t\t\t<\/div>\n\t\t\t\t<div class=\"elementor-element elementor-element-fe24079 elementor-widget elementor-widget-heading\" data-id=\"fe24079\" data-element_type=\"widget\" data-e-type=\"widget\" data-widget_type=\"heading.default\">\n\t\t\t\t<div class=\"elementor-widget-container\">\n\t\t\t\t\t<h3 class=\"elementor-heading-title elementor-size-default\">EDITORA DE LA SECCI\u00d3N PORTAFOLIO<\/h3>\t\t\t\t<\/div>\n\t\t\t\t<\/div>\n\t\t\t\t<div class=\"elementor-element elementor-element-a0a46b5 elementor-widget elementor-widget-text-editor\" data-id=\"a0a46b5\" data-element_type=\"widget\" data-e-type=\"widget\" data-widget_type=\"text-editor.default\">\n\t\t\t\t<div class=\"elementor-widget-container\">\n\t\t\t\t\t\t\t\t\t<p style=\"text-align: left;\">Es estudiante de Comunicaci\u00f3n Social y Periodismo de la Universidad de Ibagu\u00e9, apasionada por la escritura de art\u00edculos de opini\u00f3n y el an\u00e1lisis de temas sociales desde una mirada cr\u00edtica. Se caracteriza por su inter\u00e9s en la lectura, la redacci\u00f3n y la\u00a0 academia, en especial el \u00e1rea de metodolog\u00eda de la investigaci\u00f3n. Cree en un periodismo basado en hechos verificables, en el contraste de fuentes y en un fuerte compromiso con la \u00e9tica period\u00edstica.<\/p><p style=\"text-align: left;\">\u201cLa investigaci\u00f3n no es una especialidad del oficio sino que todo el periodismo debe ser investigativo por definici\u00f3n.\u201d<br \/>\u2014 Gabriel Garc\u00eda M\u00e1rquez<\/p>\t\t\t\t\t\t\t\t<\/div>\n\t\t\t\t<\/div>\n\t\t\t\t<\/div>\n\t\t\t\t\t<\/div>\n\t\t\t\t<\/div>\n\t\t<div class=\"elementor-element elementor-element-0ffe223 e-flex e-con-boxed e-con e-parent\" data-id=\"0ffe223\" data-element_type=\"container\" data-e-type=\"container\">\n\t\t\t\t\t<div class=\"e-con-inner\">\n\t\t<div class=\"elementor-element elementor-element-fa63cca e-con-full e-flex e-con e-child\" data-id=\"fa63cca\" data-element_type=\"container\" data-e-type=\"container\" data-settings=\"{&quot;background_background&quot;:&quot;classic&quot;}\">\n\t\t\t\t<div class=\"elementor-element elementor-element-3535312 elementor-widget elementor-widget-heading\" data-id=\"3535312\" data-element_type=\"widget\" data-e-type=\"widget\" data-widget_type=\"heading.default\">\n\t\t\t\t<div class=\"elementor-widget-container\">\n\t\t\t\t\t<h3 class=\"elementor-heading-title elementor-size-default\">Santiago Vanegas S\u00e1nchez<\/h3>\t\t\t\t<\/div>\n\t\t\t\t<\/div>\n\t\t\t\t<div class=\"elementor-element elementor-element-0c86f4e elementor-widget elementor-widget-heading\" data-id=\"0c86f4e\" data-element_type=\"widget\" data-e-type=\"widget\" data-widget_type=\"heading.default\">\n\t\t\t\t<div class=\"elementor-widget-container\">\n\t\t\t\t\t<h3 class=\"elementor-heading-title elementor-size-default\">DISE\u00d1ADOR<\/h3>\t\t\t\t<\/div>\n\t\t\t\t<\/div>\n\t\t\t\t<div class=\"elementor-element elementor-element-1fea591 elementor-widget elementor-widget-text-editor\" data-id=\"1fea591\" data-element_type=\"widget\" data-e-type=\"widget\" data-widget_type=\"text-editor.default\">\n\t\t\t\t<div class=\"elementor-widget-container\">\n\t\t\t\t\t\t\t\t\tDomador de dragones y casi dise\u00f1ador.\t\t\t\t\t\t\t\t<\/div>\n\t\t\t\t<\/div>\n\t\t\t\t<\/div>\n\t\t<div class=\"elementor-element elementor-element-db6b136 e-con-full e-flex e-con e-child\" data-id=\"db6b136\" data-element_type=\"container\" data-e-type=\"container\" data-settings=\"{&quot;background_background&quot;:&quot;classic&quot;}\">\n\t\t\t\t<div class=\"elementor-element elementor-element-255664a elementor-widget elementor-widget-heading\" data-id=\"255664a\" data-element_type=\"widget\" data-e-type=\"widget\" data-widget_type=\"heading.default\">\n\t\t\t\t<div class=\"elementor-widget-container\">\n\t\t\t\t\t<h3 class=\"elementor-heading-title elementor-size-default\">David Alejandro Guti\u00e9rrez Hern\u00e1ndez<\/h3>\t\t\t\t<\/div>\n\t\t\t\t<\/div>\n\t\t\t\t<div class=\"elementor-element elementor-element-d5c4291 elementor-widget elementor-widget-heading\" data-id=\"d5c4291\" data-element_type=\"widget\" data-e-type=\"widget\" data-widget_type=\"heading.default\">\n\t\t\t\t<div class=\"elementor-widget-container\">\n\t\t\t\t\t<h3 class=\"elementor-heading-title elementor-size-default\">DISE\u00d1ADOR P\u00c1GINA WEB<\/h3>\t\t\t\t<\/div>\n\t\t\t\t<\/div>\n\t\t\t\t<div class=\"elementor-element elementor-element-6d76967 elementor-widget elementor-widget-text-editor\" data-id=\"6d76967\" data-element_type=\"widget\" data-e-type=\"widget\" data-widget_type=\"text-editor.default\">\n\t\t\t\t<div class=\"elementor-widget-container\">\n\t\t\t\t\t\t\t\t\tEstudiante de Ingenier\u00eda de Sistemas, apasionado por el dise\u00f1o de aplicaciones y sitios web. A lo largo del tiempo ha adquirido conocimientos sobre dise\u00f1o de sitios web, posicionamiento SEO y optimizaci\u00f3n.\t\t\t\t\t\t\t\t<\/div>\n\t\t\t\t<\/div>\n\t\t\t\t<\/div>\n\t\t\t\t\t<\/div>\n\t\t\t\t<\/div>\n\t\t\t\t<\/div>\n\t\t","protected":false},"excerpt":{"rendered":"<p>Conozca al equipo fundador del peri\u00f3dico Identidad.<\/p>\n","protected":false},"author":1,"featured_media":0,"parent":0,"menu_order":0,"comment_status":"closed","ping_status":"closed","template":"elementor_header_footer","meta":{"_acf_changed":false,"footnotes":""},"class_list":["post-644","page","type-page","status-publish","hentry"],"acf":[],"_links":{"self":[{"href":"https:\/\/identidad.com.co\/index.php\/wp-json\/wp\/v2\/pages\/644","targetHints":{"allow":["GET"]}}],"collection":[{"href":"https:\/\/identidad.com.co\/index.php\/wp-json\/wp\/v2\/pages"}],"about":[{"href":"https:\/\/identidad.com.co\/index.php\/wp-json\/wp\/v2\/types\/page"}],"author":[{"embeddable":true,"href":"https:\/\/identidad.com.co\/index.php\/wp-json\/wp\/v2\/users\/1"}],"replies":[{"embeddable":true,"href":"https:\/\/identidad.com.co\/index.php\/wp-json\/wp\/v2\/comments?post=644"}],"version-history":[{"count":460,"href":"https:\/\/identidad.com.co\/index.php\/wp-json\/wp\/v2\/pages\/644\/revisions"}],"predecessor-version":[{"id":5244,"href":"https:\/\/identidad.com.co\/index.php\/wp-json\/wp\/v2\/pages\/644\/revisions\/5244"}],"wp:attachment":[{"href":"https:\/\/identidad.com.co\/index.php\/wp-json\/wp\/v2\/media?parent=644"}],"curies":[{"name":"wp","href":"https:\/\/api.w.org\/{rel}","templated":true}]}}